of 3 - (1 + (9 - 4 - 2))?
-1
What is the value of (-2 - 2) + 2 + 6?
4
What is 4 - (1 - (-6 + 2))?
-1
What is the value of 0 - 0 - (-1 + (-5 - -1))?
5
What is the value of 2 + -1 + (2 + -5 - -1)?
-1
2 - -1 - 2 - 4 - -1
-2
-1 + (-1 - 0) + (27 - 22)
3
What is the value of 9 + (-3 - (-2 - -1 - -3))?
4
Calculate -4 - ((2 - (3 - 2)) + -6).
1
2 + -3 - (1 + (0 - -5))
-7
What is (-1 + 0 - (2 - 0)) + 0?
-3
What is -1 - 19 - -8 - (0 - 4)?
-8
What is -5 + 1 + (-1 - 1)?
-6
Evaluate -2 - (-8 + 3 + (-3 - -4)).
2
What is the value of (3 - (0 + -4)) + -6 - -5?
6
Evaluate -23 + 8 + 7 - -3.
-5
Evaluate 6 + 3 + -3 - 4.
2
Calculate (4 - 1) + (5 - 2 - 8).
-2
What is the value of -2 + 9 + 3 + -6 + 1?
5
What is 2 - 3 - (2 - (4 + 2))?
3
9 - (-6 + (1 - -9) + -4)
9
What is the value of 2 - 3 - 3 - -5 - -5?
6
What is 6 + -3 + 9 + (-1 - 15)?
-4
What is 0 - (-5 - (0 + -1 + 3))?
7
What is the value of (10 - 10) + -5 + (0 - -2)?
-3
Calculate -13 + 27 - -6 - 14.
6
What is the value of 7 - 8 - (0 + 0)?
-1
Evaluate -1 + (0 + 5 - 3 - 4).
-3
-1 + 0 + (-10 - (-21 - -9))
1
What is -3 - -2 - ((16 - 10) + -13)?
6
What is the value of (-1 - 0) + (5 + 6 - 7)?
3
-2 + 4 + (-3 + -2 - -4)
1
Evaluate -7 + 5 - (4 - 3).
-3
3 - (7 - (3 + 5))
4
What is 3 + -1 + 4 + 5 + -9?
2
-6 - (-1 - 4) - (-1 - 1)
1
What is -5 + 12 + (-14 - -9)?
2
What is the value of 13 - (-1 - -4) - 5?
5
2 + -3 + 5 + -1 + 1
4
Evaluate (1 - 5) + (-71 - -80).
5
-3 + (-5 - -1) + 3
-4
What is the value of 13 - (35 + -19) - (-2 + -6)?
5
Calculate -2 + (7 + -5 - -2) + -6.
-4
Evaluate -6 + 3 + 8 + -5 + 1.
1
What is the value of -8 - 1 - -6 - -9?
6
What is the value of 3 + -1 + -2 + -3?
-3
(-3 - 7 - -5) + -2
-7
Evaluate 3 - (-3 + 3 + -4 - -3).
4
-5 - (-3 - -3) - 0
-5
-1 + 6 + -3 - -3
5
Calculate -12 + 15 + (-6 + -2 - -2).
-3
2 - 0 - (1 + 7 + -5)
-1
(-6 + -1 - -6) + -1 + -4
-6
What is the value of -2 - -2 - 2 - -3?
1
What is the value of -6 + (5 - (-3 - 1))?
3
What is the value of -4 + 1 + -6 + 11?
2
1 - ((8 - (10 - 5)) + 1)
-3
(-38 - -49) + 3 + -15
-1
-1 - (-9 + -3 + 10)
1
What is the value of (-1 - -3) + (0 - 1)?
1
Evaluate -11 + 4 + 2 + 2 + -3.
-6
Calculate -2 - 1 - (-2 - (5 - 8)).
-4
Calculate 2 - (-4 + (3 - -4)).
-1
What is the value of 1 + 1 + (4 - -6) + -12?
0
-5 + 3 - -2 - -2
2
Calculate (-31 - -33) + -1 + 5.
6
What is the value of 3 + -2 - 5 - (-5 + 2)?
-1
What is -12 - -6 - (-13 - -2)?
5
What is 8 + -10 + (0 - -1) + -3?
-4
Calculate -3 + 8 + -3 + -2 + 0.
0
Evaluate 5 + -3 + 6 + -5.
3
What is (-2 - 0) + (0 - (-2 - 2))?
2
Evaluate -1 - -3 - (0 - -5).
-3
What is the value of -2 - (-4 + 0 + 0)?
2
What is the value of -2 - 0 - -5 - 4?
-1
Calculate 7 + -12 - -4 - 1.
-2
Calculate 4 + (-1 - -2) + -3.
2
What is 6 - ((6 - (3 + 0)) + -1)?
4
Calculate -4 - -2 - -13 - 7.
4
What is 1 - -3 - 2 - (2 + 0)?
0
What is (2 - -5) + -2 + 7 + -6?
6
What is the value of 9 + 0 - (-6 - -11)?
4
What is the value of 1 + -1 - 14 - (-78 - -71)?
-7
What is (-12 - -11) + -1 + 0 + 6?
4
Evaluate 6 - (16 - (2 + -4 + 5)).
-7
What is the value of 5 + (-4 - -1) - (7 - 4)?
-1
8 + -4 - (7 + -1 + -4)
2
-4 - -1 - ((6 - 9) + -2)
2
What is the value of 1 + (-1 - ((1 - 5) + 9))?
-5
Evaluate -1 + -3 + 4 - 4.
-4
2 + 0 - 6 - (-3 - -1)
-2
What is the value of -7 + -1 - (-8 - -2)?
-2
Calculate (0 - (8 - 9)) + -2.
-1
Evaluate -13 + 2 - -1 - (34 - 37).
-7
Evaluate 5 - (-6 + 4 - -13 - 4).
-2
What is the value of -14 - (18 - 6 - 22)?
-4
-6 - (-5 - (0 - 5))
-6
Calculate 13 + -9 + 9 + -6.
7
What is 2 - (7 - (-9 + 19))?
5
(1 - 0) + -3 - (9 - 13)
2
1 + -3 + -3 + (33 - 22)
6
What is 1 - (-2 + 8) - -13 - 3?
5
Evaluate 5 - 2 - 2 - (10 - 6).
-3
Evaluate (-2 - (-5 - -7 - 4)) + -4.
-4
Calculate 3 - (-1 + -6 + 8).
2
What is the value of 72 - 65 - (0 - 0 - 1)?
8
(4 - -3) + -6 + -5
-4
What is the value of 5 - (-1 + 4) - (6 + -2)?
-2
12 + -9 + (-5 - 1)
-3
(5 - (4 + 0)) + (-1 - 0)
0
Evaluate 7 + -1 + (-7 - -4) + 1.
4
What is (7 - 3) + 3 - 4?
3
What is the value of -3 + (-4 - (3 - 8))?
-2
Calculate 2 + 16 + (-12 - -5).
11
1 - 1 - (-3 + (-4 - -11))
-4
Calculate 0 + 1 + (1 - (-1 - 0)).
3
Evaluate (-9 - (0 - 4)) + 4.
-1
What is 13 - 9 - (-2 - -2 - 0)?
4
Evaluate -8 + -5 + 6 + -3 + 4.
-6
What is 14 + -1 + (-12 - (5 + -11))?
7
1 + -1 + -5 - (2 - 3)
-4
Evaluate 2 + -4 + -4 - -8.
2
What is the value of -3 - -2 - (-3 - -1)?
1
What is the value of 0 - ((-3 - -5) + -3)?
1
What is (8 - (-2 + 5)) + -2?
3
0 + 6 + -2 + 0 + -5
-1
What is the value of -3 + (-10 - -3 - (-6 + 0))?
-4
Calculate (17 - 7) + -7 - 5.
-2
-13 - (-11 + -6 + 14)
-10
What is (-11 - -7) + 11 + -1 + -1?
5
What is the value of 0 - 3 - (1 + -4 - 5)?
5
Calculate 0 - (-3 - -1 - (-1 + 3)).
4
Evaluate (-3 + -17 - -2) + 11.
-7
What is 7 + -2 + -5 + 6?
6
-3 + 7 + -3 + 1 + 4
6
Calculate 7 - (-1 - (-17 - -12)).
3
Evaluate 3 - (6 + 1) - (-1 + 1).
-4
Evaluate -12 + -2 + 8 + 2.
-4
Calculate -2 + 2 + (1 - (-7 - -8)).
0
Calculate -3 - (-4 + (-7 - -5)).
3
(6 - (5 + 5)) + 4 + 2
2
What is the value of 2 - ((4 - -1) + 1 + -1)?
-3
Calculate 3 + (1 + -5 - -5).
4
-9 - -1 - (-11 - -9)
-6
Evaluate (9 - -1) + 14 + -18.
6
Calculate -5 - (-8 - (-7 + 1)).
-3
Evaluate -2 + 2 + (0 - -1) + 0.
1
What is the value of (4 - 3) + (-1 - -1) + 3?
4
-11 + 6 + (0 - 1)
-6
What is the value of -6 - (-8 + 4 - -3 - 0)?
-5
What is (-11 - 6) + -15 + 26?
-6
Calculate 0 + -2 - (-21 + 23).
-4
-1 + (-4 - 4) + 5
-4
What is -12 + 9 - (-1 + -2)?
0
Calculate (2 - 9 - -1) + -1 + 2.
-5
Calculate (-1 - -3 - 7) + 4.
-1
(-12 - 0) + 11 + (-10 - -5)
-6
What is 3 + 1 + 6 + -5?
5
What is the value of 3 - (1 + -2 - (4 + -3))?
5
What is the value of -22 - -14 - (0 + -2 + -3)?
-3
Evaluate (-5 + -6 + 3 - -8) + -8.
-8
What is (-2 - 4) + 4 + 3?
1
Calculate (8 - 1) + (1 - 7).
1
What is -23 - (-39 + 11 - -14)?
-9
What is the value of 1 + 3 + -8 + 2?
-2
What is the value of (4 + -7 - 1) + 0 + 1?
-3
What is (-2 - 1) + 0 - (-6 + 6)?
-3
-1 + 11 + -12 + (-2 - -4)
0
What is the value of 0 + (-5 - (-12 + 3))?
4
Calculate (8 - 9) + -8 + 10.
1
Calculate (0 - -9) + -18 + 12.
3
Evaluate 92 + -87 - (5 - 0).
0
What is 6 + -1 + -3 + 4 - 7?
-1
What is the value of -3 - (-2 - 0 - (-8 + 3))?
-6
What is the value of 3 + -11 - (0 - -1)?
-9
((3 - -1) + -4 - -4) + -2
2
What is the value of (5 - (-10 - -16)) + 6?
5
Evaluate -4 + -7 + 1 + 6.
-4
What is the value of -2 + (-2 - -2) + (-3 - -1)?
-4
7 - (8 + 5 - 9)
3
What is (9 - 12 - (0 + -3)) + 0?
0
1 - (3 + -4 + 4) - -3
1
Evaluate (0 - 3) + (-49 - -43).
-9
Evaluate 3 + -2 - 3 - -1.
-1
Evaluate 142 + -135 - (7 - 0).
0
What is the value of 2 - -5 - (6 + 9 - 9)?
1
Calculate -5 + 1 - -4 - (2 + 5).
-7
What is -88 + 90 + (-2 - -4)?
4
(-57 - -51) + (13 - (-1 - -2))
6
Calculate -2 + 0 + 3 + -2 - 2.
-3
Calculate -3 + 1 + (4 - 3) + -1.
-2
(-4 - -11 - 4) + 2 + -1
4
What is the value of (-1 - -5) + (18 - 19)?
3
Calculate -5 - (-5 - -1 - (21 - 20)).
0
Calculate (3 - -7) + (-35 - -25).
0
Calculate 13 + -9 - (12 + -3).
-5
What is the value of -11 + 4 + 2 + -2 + 5?
-2
Calculate -7 - -6 - 6 - (2 + -3).
-6
Calculate -4 + (-2 - -6) + -3.
-3
2 + -1 + 60 + -58
3
Evaluate -3 - -5 - (2 + -1).
1
Calculate -6 + (-2 + 7 - 4 - -2).
-3
Evaluate (5 - (9 - 0)) + 5.
1
What is the value of 1 + (-4 + -1 - -2) - -3?
1
What is the value of -5 - (2 - (-10 - -6) - 20)?
9
Calculate 7 - ((0 - -7) + -19 + 17).
2
What is -17 + -13 + (9 - -17)?
-4
What is the value of (2 + 1 - 5 - 0) + 5?
3
Calculate (-3 - 1 - (1 - 2)) + -3.
-6
What is the value of 1 + 0 - -4 - 4?
1
What is the value of 2 + (-1 - -5) + -10 + 7?
3
Evaluate -2 - -1 - -2 - (-10 - -8).
3
Evaluate -14 - (13 + 1 + -30).
2
(-4 - 5 - -16) + (1 - 6)
2
What is the value of 12 + -6 + (-5 - -1)?
2
Calculate -6 - -1 - -10 - 7.
-2
Evaluate -9 - (4 - 2 - 11).
0
Calculate (-12 - -8 - -13) + -10.
-1
What is the value of (11 - (8 + -4)) + -1?
6
Evaluate 0 + (10 - 15) + 11.
6
What is the value of -6 + 0 + 0 - (10 + -10)?
-6
What is -31 + 30 - (-2 - -1)?
0
0 + -2 - (6 + 5 + -9)
-4
What is 1 + 2 + -3 - 3?
-3
-5 + 5 + 1 + -4 + 1
-2
What is the value of 7 + (3 - 7) + 1?
4
Calculate -2 + (-3 + 9 - 5).
-1
8 + -7 + (4 - 12)
-7
Evaluate 2 + -5 + (7 - 7) + 1.
-2
What is 6 + -15 - (-14 + 11)?
-6
Calculate 22 + -22 + -2 + 3 + 3.
4
Calculate 4 - (1 - (0 + -2 - 1)).
0
What is the value of 2 + 0 + 0 - (10 + -8)?
0
What is 4 + (-4 - 1 - (14 - 10))?
-5
What is (0 - (-3 + 3)) + 5?
5
Wha